 + 5*b**2 - 4*b - 1. Let n(s) = 2*s + 17. Let y be n(-7). Let t be v(y). Suppose -t*p + 10110 = p. Is p a prime number?
False
Let j(d) = 805*d**2 + d + 11. Let n(i) = 402*i**2 + 6. Let y(g) = 4*j(g) - 7*n(g). Let a be y(-2). Suppose -f + a = -835. Is f prime?
False
Let a = -30649 - -302162. Is a prime?
False
Suppose -3*v = 2*j + 26, -5*v + 2*j = -2*j + 80. Is (3/(-2))/(5/100720*v) prime?
False
Let b be -30*(8 + 588/(-18)). Is (0 + 146)/((-8)/b*-5) composite?
True
Let t = -1847 - -4847. Let r = -1436 + t. Suppose 8410 = 4*m - 3*q + r, 5*q + 1703 = m. Is m a prime number?
False
Suppose 11753 = -0*h + 3*h - 5*w, -5*h + 19539 = 4*w. Let l = 1889 - h. Is (6/60*l)/(1/(-5)) composite?
True
Let i = -4123 + 6926. Let o = i + -194. Is o prime?
True
Is 4 - (-109655 - (14 + -12)) a composite number?
False
Let j(q) = 2*q**3 - 2*q**2 - 24*q + 247. Is j(46) composite?
False
Let u(j) = 124*j**2 - 2*j - 1. Suppose 2*o = -5*r + 20, o + r - 5 - 5 = 0. Suppose -2*f - 6 + o = 0. Is u(f) prime?
True
Suppose -5*q = -3*q - 4. Suppose -5*g = u - 4392, -q*g + 1799 = 3*u - 11312. Is u a composite number?
True
Suppose 6 = -2*s, w + s = -0*s - 5. Is w + (-4)/(-2) - (25 - 7479) prime?
False
Suppose -2*m - i - 3 = 1, -4*i = 16. Suppose m = 5*t + 15 - 10. Is t/(-5 - 0) - 15732/(-15) composite?
False
Let p be (-5)/20 - 7/4. Let a be 7 - (6 - (p - -4)). Suppose 0 = a*j - 13*j + 890. Is j a composite number?
False
Let u be (-6)/(-4) + 3/(-6)*-1. Suppose 7*l + 5*s - 4555 = 5*l, -4*l + u*s + 9146 = 0. Is l a composite number?
True
Let x(j) = 14*j + 7. Let u be x(2). Let i = u + -49. Let p = 17 + i. Is p prime?
True
Let i(n) = 103*n**2 + 7*n + 3. Let o(g) = 3*g**3 - 3*g**2 - 4*g - 2. Let f be o(-1). Let z be i(f). Suppose -z = 27*w - 30*w. Is w a prime number?
True
Let y = -1092867 - -1611620. Is y composite?
True
Let n = -25 + 29. Suppose -n*a + 31*a - 239949 = 0. Is a prime?
True
Suppose -2*n - 4*w = -799130, 3*n + 492*w = 491*w + 1198650. Is n composite?
True
Let c(z) = 3*z**2 + 5. Let s be -4 + 0 + 0*8/8. Let f be c(s). Suppose 5*k + 4*u - 622 = f, 15 = 3*u. Is k a composite number?
False
Let z(g) = g**3 + 11*g**2 - g + 13. Let a be z(-11). Suppose a = 11*l - 3*l. Suppose -y = 5*u - 4*u - 642, -4*y = l*u - 2567. Is y a prime number?
True
Let n(h) be the second derivative of 323*h**3/6 + 2*h**2 - 3*h. Let k be n(1). Suppose -10*s + 14717 = k. Is s a composite number?
False
Let m(p) = p**2 + p - 4. Let h be m(4). Let n = 5 - -263. Suppose -n = 14*t - h*t. Is t prime?
False
Let f be -2*(5 - (-12222)/(-4)). Suppose -q + 12200 = -f. Is q composite?
False
Suppose -41 = -7*b - 6. Suppose -b*a + 6556 = -2249. Is a prime?
False
Suppose 3*n + 0*n = 2*n. Suppose c + 3*q - 20418 = -2*c, n = 5*c - 5*q - 34020. Is c a composite number?
True
Let x = 110678 + -46035. Is x composite?
True
Let t(f) = -374*f**3 - 15*f**2 - 5*f + 10. Let l(d) = 187*d**3 + 8*d**2 + 3*d - 5. Let j(p) = 11*l(p) + 6*t(p). Is j(-1) composite?
True
Let s be (18 - -2048) + (-1 - 0). Suppose 156*o - 151*o = s. Is o a prime number?
False
Suppose 401893 - 997045 = -10*p + 262678. Is p a composite number?
True
Suppose 3*m + 49*o - 1202537 = 54*o, -m - 3*o = -400855. Is m a prime number?
True
Let u be 5/(-2)*(-8)/20. Suppose 3 + u = d, -2*w + d = -1578. Is w composite?
True
Let f(p) = -p**2 + 15*p + 2. Let x be f(12). Suppose -2*z - 3*o + 421 = 0, 145 + x = z - 4*o. Is (-2)/2 + 3 + z a prime number?
False
Is (-109*(-11)/44)/((-1)/(-1124)) a composite number?
True
Let h be -1*3*28/12. Let c(t) = 14*t**2 + 7*t + 28. Let q be c(h). Let g = q + -148. Is g a prime number?
False
Let b be ((-8)/((24/9)/(-4)))/(-1). Let k = b - -8. Is (k/6)/((-14)/1869) composite?
False
Suppose y - 2 = 2*d - 6, 5*y = -4*d - 20. Let q be (-15)/(-5) + d + -3. Suppose -8*n + 2739 + 2501 = q. Is n a prime number?
False
Let n be (-4)/(-5)*(-840)/(-16). Suppose -3*m = v - n, -3*v + 66 = -2*m + 7*m. Suppose 19*f - m*f = 844. Is f a prime number?
True
Let f = 12114 - -1403297. Is f a composite number?
False
Let v(s) = 171*s - 31. Let t be v(-14). Let h = -259 - t. Suppose h = 4*b + 122. Is b prime?
False
Let b(g) = g**3 - 4*g**2 - 3*g + 5. Let o be b(4). Let a(w) = -w**3 - 10*w**2 - 19*w + 14. Let n be a(o). Suppose n = -3*s + 413 + 220. Is s prime?
True
Suppose 0 = 6*o - 0*o - 18. Suppose 3*r = 2*v - o, 14 = -r - 0*r + 5*v. Is (1955/(-10))/(1/(-2)*r) prime?
False
Suppose 2*k = -3*l + 186, 0*k - l = k - 91. Let b = k - 81. Is b + -4 + 338 + 6/(-2) composite?
False
Let s be (-344)/(-88) - 3/(-33). Is 4*(3023/s + -1) prime?
True
Suppose 79*x + 3285 = 6*x. Is (-2287)/(-1) + -5 + x/(-5) prime?
False
Let l be ((-3)/(-2))/((-6)/(-608)). Suppose -108*p - l = -109*p. Suppose -156 = -4*q + p. Is q a composite number?
True
Suppose z + 2228 = 9*z - 2412. Suppose 44 = q + 359. Let x = q + z. Is x a composite number?
True
Let q = 50454 - 24715. Is q composite?
True
Suppose -17*i + 8 = -13*i. Suppose i*c + 11340 + 1075 = 5*r, 3*c = -5*r + 12415. Is r composite?
True
Let f = -351 - -353. Suppose 5*a + f*y = 89525, a - 5*a = -y - 71607. Is a composite?
False
Let o(j) = -3*j - 19. Suppose 0 = 2*r - 0*r + 14. Let a be o(r). Suppose 1614 = a*y - 4908. Is y a composite number?
True
Let u be (-792)/(-4 + -2)*(-14)/3. Let z = u + 1523. Is z composite?
False
Suppose 0 = -2*t + 4*w + 10, 0 = -2*w + 3*w + 2. Suppose -3*y - 9400 = -5*f + 2733, t = -y. Is f a prime number?
False
Let s(l) = 26*l**3 + 8*l**2 + 21*l - 118. Is s(20) composite?
True
Let g = 219 - 226. Is (-584370)/(-126) - (-6)/g composite?
False
Let a(p) = 3*p**2 - 95*p + 82. Let j be a(-36). Let d = 6511 + j. Is d composite?
False
Suppose 5*z = 2*s - 96565 + 24543, 0 = 9*z - 54. Is s a prime number?
False
Suppose 223880 = 4*w + 4*o, -4*w + 119272 = 3*o - 104604. Is w a composite number?
True
Let o be 1/1 + 46134/6. Suppose 0 = -4*z + 3*s + 10280, -5*z - s + 20559 = o. Is z prime?
False
Let c(b) = -b**3 + 4*b**2 - 6*b - 18. Let z be c(-3). Suppose -555836 = -z*t + 538411. Is t composite?
True
Let k(g) = 466*g**2 + 13*g - 291. Is k(-20) composite?
False
Suppose 5*r = 5*l - 2093505, 40*r = -3*l + 45*r + 1256107. Is l composite?
False
Let n = -39002 + 155983. Is n a prime number?
True
Suppose 9472 = 37*b - 74. Let f(v) = -v**3 + 5*v**2 + 8*v - 9. Let r be f(6). Suppose 9*g = r*g + b. Is g a prime number?
True
Suppose 0 = 2*r - 3*d - 230638, -5*d - 18011 = -4*r + 443257. Is r prime?
False
Let b(q) = -3*q + 44. Let t be b(15). Let a be t + (-1)/(-3)*15. Is (-1 + a - 122)/(-1) a composite number?
True
Suppose 3*k - 595 = -14*k. Suppose 9*t + 47086 = k*t. Is t composite?
False
Let s be 4/36 + (-786)/27. Let g(f) = 7*f**2 - 14*f + 92. Is g(s) composite?
True
Let j be 12/102 + 83/17. Let s(h) = 62*h**3 - h**2 - 17*h - 1. Is s(j) prime?
True
Let a(x) = 75*x**2 + 125*x - 77. Is a(18) a composite number?
True
Let p(u) = 9 + 14 + 8*u + 0 + 18. Let f be p(-5). Suppose -5*o = 3*s - f - 883, 2*o - 588 = -2*s. Is s prime?
True
Let w = 0 + 0. Let v = 3859 + -2239. Suppose 11*p - 1889 - v = w. Is p a prime number?
False
Suppose 5*b = -3*q + 10, 2 = 3*q + 17. Suppose -b*l + 2*u = -4621, l = -4*l + 5*u + 4630. Is l a composite number?
True
Suppose -5*t = 3*s - 90, 3*s - 5*t + 0*t - 90 = 0. Suppose -10*u = s*u - 76600. Is u a prime number?
False
Suppose -t + 5 = 0, 2*q - 5*q - 112 = t. Let y be -2 - 13/(q/(-4830)). Let d = -791 - y. Is d composite?
False
Suppose 117*i - 112*i = 20. Suppose -2*q + 11097 = 3*k - 6251, i*q - 3*k - 34696 = 0. Is q a prime number?
False
Let m(r) = 73*r**2 + r - 49. Let c be m(10). Let t = c + -4500. Is t prime?
False
Is 85985 + 66/(-8 - 3) composite?
True
Suppose 2*b + 8 = 4*d - 8, -2*b = -3*d + 13. Suppose -4*p + 3*t + 68355 = 2*t, 0 = 4*p + d*t - 68359. Is p prime?
False
Suppose -2*o + 4*g - 5*g + 15 = 0, 3*o + 2*g = 24. Let x(c) = 8*c + o - 12 - 13. Is x(12) a prime number?
False
Suppose -2*p = -173*o + 172*o + 193353, 3*o + 2*p - 580027 = 0. Is o a composite number?
True
Suppose -6691 - 19619 = 5*l. Let z = l + 7741. Is z prime?
False
Suppose 467377 = 16*w - 750800 - 153839. Is w a prime number?
True
Suppose 11*h - 354 - 361 = 0. Let p = h + -50. Is (-3668)/(-10)*p/6 prime?
False
Let p(t) = 43369*t + 10. Let h = -387 + 388. Is p(h) a composite number?
True
Suppose 3*f + 4*b - 243738 = 0, 14*f - 18*f + 325